)
-5
Evaluate -3 + -2 - ((31 - 20) + 5).
-21
Evaluate (-1 - 4 - ((-3 - -14) + -25)) + -2.
7
Evaluate (3237 - 3235) + 4 + 0 + 2 + -1.
7
Calculate -30 + 34 + -6 - (-2 - -3).
-3
What is the value of 1 + ((11 - 6) + -2 - 16) + 15?
3
Evaluate (-12 - (-21 + 25)) + -4 + -1 - 2.
-23
What is -4 - (-16 - (-40 + 13)) - -9?
-6
25 + (-12 - -22) + -3 + -19
13
(-3 - 25 - -60) + -46
-14
What is 7 + (-16 + 6 - (-6 - (2 + -2)))?
3
18 + (-4 + 4 + -1 - (-9 + 12))
14
-8 + 0 + 207 + -219
-20
What is the value of 20 - (16 - 27) - 31?
0
What is (0 - (-1 - 11)) + -4 + -15 + 20?
13
Calculate 7 + -3 + -1 + (32 - 13).
22
What is the value of -6 - (-10 + (-15 - -12))?
7
Evaluate 32 + -46 + (-12 - -42).
16
Calculate -3 + -2 + -13 + 13 + -4.
-9
What is the value of (38 - 1) + (284 - 296)?
25
What is -11 + -5 + (-1 + 8 + -8 - -47)?
30
What is the value of (-8 - (-28 + 10 - -12)) + -17?
-19
What is the value of 1 - (-2 - (12 + -12)) - (1 - 1)?
3
Evaluate 5 + (-4 + 9 - -2 - 7).
5
5 - (7 - 11) - (-4 + 16)
-3
What is 109 - 105 - (-14 - (3 - 7))?
14
-5 - (-1 + (-41 - -44) + (5 - 1))
-11
What is the value of (2 - 5 - -13) + (-8 - -3) + -3?
2
What is 2 - (-7 - (-8 - -5 - 0))?
6
6 + -2 - 5 - 1
-2
Evaluate 17 + 0 - (28 + (4 - 22)).
7
-6 + 5 + (0 - 6) - (-15 - -13)
-5
What is 44 + -53 + (-1 + 24 - (-9 + 6))?
17
Evaluate -103 - -104 - ((0 - 3) + 1 - -12).
-9
-8 - ((-6 - 37) + 3)
32
Calculate 2 + -64 - (-180 + 147).
-29
What is -3 - -3 - (26 + (1 - 7))?
-20
Calculate 8 - (31 - 22 - 15).
14
Calculate -4 - -1 - (-39 - -33 - -10).
-7
Evaluate -25 + (22 - -25) + -19.
3
Evaluate (-2 - (-6 - -6)) + (17 - 15).
0
Evaluate 51 + (-68 - (-48 - -18)).
13
What is -9 + (-2 + 6 - (-17 - -13 - 16))?
15
What is -2 - (-13 + 26 + -33)?
18
What is the value of (-23 + 7 - -7) + (9 - 5) + -2?
-7
What is (-16 + 8 - 20) + 14?
-14
Evaluate 12 - (-4 - (31 + -24)).
23
Calculate 0 - (6 + 2 + -6 - -2 - 5).
1
What is the value of 6 - (-8 - (-5 - 7))?
2
What is -2 + -8 - (-77 + 81 + (-7 - -1))?
-8
Evaluate 4 + (-11 - (10 - (-3 + 10))).
-10
(0 - 16) + (1841 - 1810)
15
What is (61 + -59 - (-5 + 1)) + -1 + -3?
2
What is 10 - (9 + (-4 - 4)) - 2?
7
What is the value of 16 + 16 + -16 - 23?
-7
14 + (11 - (14 + 7))
4
Evaluate (-28 - -13) + -3 + 19 - (-1 - -23).
-21
What is 7 - (-9 - (0 + -26))?
-10
Evaluate (16 - (20 - 13) - 15) + -26.
-32
Calculate (0 - (-11 - -3)) + -6 - -10.
12
Evaluate (-37 - -10) + 2 + 0 + 9.
-16
1 - (-12 + 4) - -2
11
What is -16 + 0 + 0 + 3 + 17 + -15?
-11
Evaluate (-2 + 4 - 6 - -7) + 9.
12
-77 - -53 - (4 - 18)
-10
29 + 0 - (-77 + 105)
1
What is the value of -44 - (12 + -42) - (1 + -5 + 0)?
-10
What is the value of 26 + -16 + 7 + 2 + -5?
14
What is 0 - (-15 + 1) - (13 + 30 + -39)?
10
What is the value of 1 + (-13 - 1) - (-7 - (-37 + 38))?
-5
What is -71 + -19 + 52 + 1?
-37
What is -14 - ((-6 - -7 - 4) + 7 + -11)?
-7
16 - (13 + -15 + 27)
-9
Calculate -7 - (-15 - 4) - 3 - 3.
6
What is the value of (-3 + -11 - -13) + 10 - (1 - 2)?
10
Evaluate -20 + (14 - -12) + -21.
-15
Evaluate -3 + 1 + 1 + -16 - (-12 - -7).
-12
What is the value of -599 - -601 - (2 - (-9 - -1))?
-8
What is the value of 1 + -9 - -10 - 0 - (15 - -1)?
-14
What is (2 - (-3 - -14)) + 4 + 5 + -4?
-4
Calculate (-6 + 8 - 12) + 5 + -10.
-15
What is 2 + -8 + -1 - (-10 + -12 + 15)?
0
What is 31 + -7 + -8 - 27?
-11
What is the value of 4 + (6 - 19) + (13 - 9)?
-5
-31 + 22 - (-20 - 0) - -3
14
(5 - 2 - -5) + -13 + 8
3
What is the value of -4 + 1 + -5 + 1 + -3 + 9?
-1
What is the value of 37 - (23 - (-3 + 13))?
24
Evaluate (9 - (21 - 10)) + 12.
10
Evaluate 18 + (-5 - -9 - 10).
12
1 - (3 - 1) - (-8 - (21 + -22))
6
(-65 + 51 - (-14 + 5)) + 1 + 19
15
What is 247 - 214 - (52 - 5)?
-14
Evaluate (18 - 7) + -12 + -1.
-2
0 + (21 - -4) + 197 + -206
16
Evaluate -7 - (-13 - (12 - 3 - 6)).
9
Evaluate 2 + -7 + 3 + 3 - -6.
7
Evaluate 9 - (10 + -9 + 18 + -11).
1
Evaluate -6 + 12 + (-4 - -10) + -17.
-5
14 + -47 + 14 + 19
0
What is the value of -8 + 23 - (-5 + -4 - -17)?
7
What is 5 + 2 - (-23 - (-6 - 7))?
17
What is (5 + -3 + 11 - 2) + (247 - 265)?
-7
What is 6 - (-2 + 0 + 1 + (-122 - -130))?
-1
(-48 - -20) + 17 - (2 - -13)
-26
What is 10 + (26 + -4 + -4 - 9) + -8?
11
What is the value of -7 + (13 - 1 - (-1 + -9))?
15
Evaluate (-208 - -189) + (0 - 1) - 11.
-31
What is the value of 7 - (16 - -5 - 14)?
0
What is 2 - (26 + -9 + 7 + -10)?
-12
-6 - ((-27 - -20) + (30 - -1))
-30
What is 10 - (9 - 18 - 3 - -6)?
16
-3 + 0 + 3 + 6
6
7 + 1 + (0 - -8) + -16
0
What is 8 + (8 - (-12 + 13)) - -3?
18
What is 10 + (-1 + -11 - -5) + -2?
1
21 + -14 + -14 - (8 + (2 - 4))
-13
What is -1 + -6 - (-7 - 1 - -7)?
-6
2 + -1 - (7 - 1) - (2 - 4)
-3
What is 0 + ((-6 - -9) + 12 - 7 - 2)?
6
3 + -33 + 1 + (-3 - -4) + 9
-19
What is the value of (-11 - (9 - -2) - -12) + 10?
0
What is the value of 21 + 18 + -9 + (12 - (2 + 8))?
32
What is 19 - -2 - (-28 + 38)?
11
What is (9 - 11) + -3 - -2?
-3
What is the value of 35 + -1 + 0 + 108 + -113 + 1?
30
What is the value of -13 + 1 - (-78 + -67 + 133)?
0
Evaluate -12 + 23 + (-6 - 0).
5
Evaluate 8 - (-6 + 9) - (3 - (2 + -3)).
1
What is the value of -7 + 1 + (-6 - -12) + -7 + -6?
-13
What is (-6 - 0) + 24 + 7 - (18 - 13)?
20
What is the value of (-54 - -50) + -1 + 2 + (5 - 1)?
1
Evaluate -15 + 2 + 0 + -1 - (-176 + 177).
-15
What is (-39 - (-61 - -28)) + (-4 - 0)?
-10
45 + (-18 - -10 - 28)
9
-5 - (-36 + -1) - 8
24
What is the value of 9 + -2 + 13 + (-2 - 5)?
13
What is the value of 11 - 1 - (86 - 86)?
10
21 + -63 + 13 - -1
-28
What is the value of -10 - ((-4 - (-2 + -6)) + -20)?
6
What is the value of (-11 - 2) + 175 + -136?
26
What is -77 - -71 - (-24 + 3)?
15
What is 7 + -8 + 4 - 15?
-12
What is the value of -8 + 12 - 24 - ((-4 - -8) + 7)?
-31
0 + -2 - (-9 + -3 + 14)
-4
Evaluate 44 + (-44 - -18 - -11).
29
What is (-12 + 2 - -2) + 184 + -173?
3
Evaluate 9 - ((-4 - 6) + -6 + 9).
16
What is -4 - (11 - ((-9 - (-2 - 4)) + 21))?
3
What is -21 + 2 + (-120 - -119 - (-7 + 0))?
-13
(44 - (-25 - -77)) + (5 - 0) + 2
-1
Evaluate 9 - 2 - (-50 + 43) - (2 - 2).
14
What is the value of (3 + -13 - -18) + -1 + 5?
12
(0 - -2) + (-7 + -32 - -21)
-16
What is the value of -21 - ((14 - -20) + -91)?
36
Evaluate -15 + 5 - -7 - (-18 - -16).
-1
What is -5 - (0 + 18 + -21 - (-9 - 1))?
-12
Calculate (17 - 35) + 12 - (2 + -28).
20
What is the value of 13 + -6 + 3 + -7 - 14?
-11
Evaluate (-3 - (1 + 1 + -3)) + -185 + 177.
-10
Calculate 2 + 10 + -9 - -5 - (2 - -28).
-22
Calculate -27 - (-3 - -15 - (10 + 9 - 14)).
-34
49 + -31 + (1 - 2) + (0 - -3)
20
What is -11 + 7 + 0 + -6 + 6?
-4
What is -7 + -3 + 2 - (-2 - 2)?
-4
-18 + 2 + 1 + 509 + -499
-5
Calculate 0 + 8 + -1 - (351 - 339).
-5
Calculate 14 + (-5 - 18) + 11 + 22.
24
What is 33 - 18 - (8 - (-5 - -6)) - -28?
36
Evaluate 15 + (-1 + -2 - (-16 - -17)).
11
3 - -6 - (-11 + 7)
13
Evaluate 8 - (-5 - (9 + -15) - -1).
6
Calculate (-8 - -1) + (18 - (8 + 5)).
-2
-22 - (9 + -8 + 9 + (-2 - -2))
-32
What is -2 + 5 - (3 + (-2 - -14) + -5)?
-7
Calculate -40 - (-4 + 3 + -24).
-15
Calculate 42 + -38 - (2 - -1).
1
What is the value of -33 - -40 - (8 + 9)?
-10
What is the value of 1 + (-16 - 1 - -6)?
-10
Calculate -4 + (-10 - -6) + 3 + 1 + 13.
9
What is the value of (-4 - 14) + 3 + 3 + 11 + -17?
-18
What is -4 - -13 - (-33 + 31)?
11
Calculate -39 + (49 + -20 - -13).
3
-3 + 2 + -24 + 18 - (-4 + -12)
9
What is the value of (9 - -3) + 1 - (189 - 188)?
12
20 + 28 + -84 - -18
-18
-7 - (-15 - (12 + -9 + 11))
22
Calculate 0 + -29 - (1167 - 1200).
4
-1 + 0 + (-6 + -2 - (-8 + 12))
-13
What is 9 - ((5 - -4) + -3 + 3) - -18?
18
Calculate (7 - (10 + -10 + 7)) + 4 + -7.
-3
What is 21 + (-8 - 3) + 0?
10
What is the value of -7 - (-7 + 1 + -1 + 2) - -11?
9
What is -9 + -9 + 8 - -8 - -13?
11
What is -1 - (-9 - -6) - 8?
-6
21 + -19 - (-10 - (-3 - 2))
7
What is 12 + -21 + -4 - -4?
-9
What is the value of 12 + -1 + -5 + (-7 - 4) + 15?
10
7 + 4 - (43 + (-19 - 10))
-3
What is the value of 10 + (7 + (10 - (16 + -3)) - 2)?
12
3 + -26 + -10 + 23 + (0 - -6)
-4
What is 18 + (10 - 31) + 14?
11
-7 - (22 + -11 + -15) - (1 - 13)
9
Evaluate (-3 - (-3 + 4)) + -52 + 60 + -2.
2
Evaluate (-2 - -2) + (-7 - ((-1 - -14) + -3)).
-17
What is the value of -34 + 0 - (88 - 79 - 24)?
-19
What is (-17 - 13) + -1 - (-13 + 6)?
-24
7 - ((7 + 20 - -7) + -5)
-22
(-9 - -2) + -13 + 3
-17
(32 - ((21 - 15) +